number?
True
Suppose -p = -4*a - 5286, 0 = 2*p - 5*a + 4*a - 10600. Let j = -3764 + p. Is j a composite number?
True
Let w = -6295 - -18072. Is w a composite number?
False
Is -6 + 17 + (4572 - 0) a prime number?
True
Let u(m) = m**2 + 5*m + 5. Let d = 11 + -13. Let j be u(d). Is (286 + 4)/1 - j a composite number?
True
Let w(m) be the third derivative of 0*m + 0*m**3 + 1/20*m**5 - 1/6*m**4 + 0 - 2*m**2. Is w(5) composite?
True
Suppose -4*y = 5*c - 65726, -23635 + 105786 = 5*y + 3*c. Is y a prime number?
False
Let o = -2185 - -4346. Is o composite?
False
Let l = 14 - 12. Suppose -u + l*u + k - 136 = 0, 2*k = -4*u + 538. Is u a composite number?
True
Let h be -8 + 10 + 1 + -8. Is 5*7 - (1 + h) composite?
True
Suppose 4*s - 15 = 3*n, -2*n = 3*n + 2*s + 51. Is -3 - (-3459)/9 - 6/n a composite number?
True
Let u(q) = q**2 - 6*q + 2. Let z be u(4). Let l(k) = 8*k**2 + 2*k - 7. Let g be l(z). Let c = g - 58. Is c a prime number?
True
Is (-15632)/(-4)*1/4 a prime number?
True
Let z(b) = -1251*b + 74. Is z(-15) composite?
False
Let l = 3964 + -1553. Is l a prime number?
True
Let d(o) = -o**3 + o**2 - 8*o + 3877. Is d(0) composite?
False
Let r = 16 - 7. Let k be (-37 - -32)*((0 - 0) + -1). Suppose -r*b = -k*b - 460. Is b composite?
True
Let y(k) = -25*k + 36. Let m be y(-16). Suppose 4*z - m - 792 = 0. Is z a composite number?
False
Suppose 2*y - 1 = u, 4*y - 3*u - 2 = -y. Is (87 + -8)*y/1 a composite number?
False
Let x(d) = -2*d**3 - 9*d**2 - 6*d. Let z be x(-6). Suppose 2*r + z = 806. Is r composite?
False
Let w = -28 - -28. Suppose 6*g - o = g + 6457, -g - 2*o + 1298 = w. Suppose 4*n = 2256 + g. Is n a prime number?
True
Let g be (-1)/((-3)/(-2) + -1). Let h be -8 + -4*(-18)/24. Is ((-664)/(-20))/(g/h) a prime number?
True
Let u be 1/(30/14 + -2). Let t(b) be the second derivative of -b**4/12 + 4*b**3/3 + 7*b**2/2 + 34*b. Is t(u) a prime number?
False
Suppose h + 3*f = 9 + 94, f = -h + 109. Suppose 0 = -i - 5, -2*i + 7*i + h = 3*q. Is 5/((-5)/q)*-7 prime?
False
Let a = 1627 + -731. Suppose 5*w - 759 = a. Is w composite?
False
Let s(m) = m**3 - 5*m**2 + 2*m + 11101. Is s(0) a composite number?
True
Let u = 73428 - 39971. Is u prime?
True
Let x(m) = -m**3 - 22*m**2 - 14*m + 68. Is x(-33) a composite number?
True
Let a(s) = -s**3 - 9*s**2 + 10*s + 5. Let l be a(-7). Let f = 1174 - l. Is f prime?
False
Suppose -5*k + 8353 = -n - 3*n, 6668 = 4*k + 4*n. Suppose -14*g - k = -15*g. Is g prime?
True
Suppose -220 - 426 = -2*x. Is x composite?
True
Let s = -54512 + 78829. Is s a prime number?
True
Suppose 2*k = -7*y + 8*y - 61, -3*y = 3. Let r = 5014 - k. Is r a composite number?
True
Let p = 920 + 1649. Suppose 0*g + 3360 = 2*g. Let s = p - g. Is s a prime number?
False
Let w = 36 - 56. Let b = -50 + 25. Is (b/w)/((-2)/(-664)) prime?
False
Suppose -3*j - 6*j + 23850 = 0. Is (17/2)/(25/j) a composite number?
True
Let y = 66277 - 22424. Is y a composite number?
False
Let p(c) = -c + 11. Let t = 22 - 15. Let w be p(t). Suppose -105 = -w*y + 611. Is y composite?
False
Let g be 8/(-8)*(-1 + 1). Let r be (g - -3) + (-3)/3. Suppose -r*f - 995 = -s, f = 2*s + s - 2990. Is s composite?
False
Let z(x) = -3*x**3 + 55*x**2 + 10*x - 80. Let w(b) = 2*b**3 - 37*b**2 - 7*b + 53. Let q(j) = 7*w(j) + 5*z(j). Is q(11) a prime number?
True
Let x = 34 - 31. Suppose x*o + 5*n - 493 = -75, -2*o + 2*n + 252 = 0. Is o composite?
False
Let v = 2503 - 1494. Is v a prime number?
True
Let d = -223 - -694. Is d a prime number?
False
Is (329 - (6 - 8))*(38 - 1) a composite number?
True
Suppose 30*b - 28*b - 2098 = 0. Suppose 2*n - n - b = 0. Is n a composite number?
False
Let q be (-2039)/(1/20*5). Let t = q - -11917. Is t composite?
False
Let u = -7079 + 10569. Suppose 4*y + 4*d - 5688 = 0, 3*y - u = 4*d + 783. Is y prime?
True
Let w be (2/4)/(3/12). Suppose -5*t = w*c - 10999, 0*t + 4*c - 4406 = -2*t. Suppose -1055 = -y + 5*s, 4*s - 7474 = -5*y - t. Is y composite?
True
Let v(j) = 693*j**3 + 11*j**2 + 3*j - 6. Let h(w) = 347*w**3 + 6*w**2 + 2*w - 3. Let f(b) = 11*h(b) - 6*v(b). Is f(-2) a composite number?
True
Let s be (-21)/35 - (-28086)/10. Suppose -2182 - s = -5*t. Suppose 4*a - t = -2*h, 998 = h + h + a. Is h a composite number?
False
Is -4 - (-3 - -1) - (-21708)/3 a prime number?
False
Suppose 5*g = -4*o + 57, -4*g + 12 + 30 = 2*o. Suppose -5*j = 5*v - 40, -2*v + 2*j = -j + g. Is 630/v + -1 + 2 prime?
True
Suppose 5*i = -23 - 17. Let d be -8 - i - (-132)/2. Let l = d - -487. Is l prime?
False
Suppose k + 9*k = 40. Suppose k*y - z - 623 = 0, y + z - 167 = -z. Is y a composite number?
False
Let v be (2 - (-2)/(-2)) + (-38)/(-1). Let f(y) = -y**3 - 4*y**2 + 3*y + 4. Let r be f(-4). Let n = r + v. Is n prime?
True
Suppose 0 = -2*l - l + 48. Let r(z) = -7 - 24*z + 0 + 146*z + l*z. Is r(5) a composite number?
False
Let o(t) = 77*t**3 - 4*t**2 + 3*t + 1. Is o(3) prime?
True
Let b = 4093 + -2120. Is b a prime number?
True
Suppose 640*s - 740 = 636*s. Is s a prime number?
False
Suppose -2*q + 11 = 1, g - 3*q + 12 = 0. Suppose 4*w + 4*p = -13 - 7, 0 = 2*w - p - 5. Suppose w = g*b - 7 - 14. Is b composite?
False
Let d be (-1)/(-3) - (-3194)/(-6). Let j = -949 - -668. Let x = j - d. Is x a composite number?
False
Suppose 0 = s - 3, s + s + 7029 = g. Let v = 10084 - g. Is v a prime number?
True
Suppose 22*d = 18*d - 184. Let l = d - -99. Let a = l - -306. Is a a composite number?
False
Let r be 547 + 1 - (4 + -6). Suppose 0 = f - 4*p - r, -f + 3*p + 116 = -435. Is f composite?
True
Suppose -4*z + 2928 = -2*s, -4*z = z - 3*s - 3658. Let o be 1*(-3 + (0 - z)). Let c = o - -1372. Is c composite?
True
Suppose -2*f = -5 - 5. Suppose -839 = -f*x + 3*x + 5*m, -3*m - 15 = 0. Is x a prime number?
False
Let u(w) = w**3 + 16*w**2 - 16*w + 21. Let b be u(-17). Suppose -8289 = -b*x - 1181. Is x a prime number?
True
Let x = -49 - -52. Suppose o - 917 = -3*v, 5*o + 2233 = x*v + 6782. Is o a prime number?
True
Suppose y - 8 = -4. Is y/6 + (-8157)/(-9) a composite number?
False
Suppose -84*f = -77*f - 93121. Is f composite?
True
Let r(n) = n**3 - 9*n**2 + n - 3. Let u be r(9). Let k(l) = l - 1. Let t be k(u). Suppose -t*x = -0*x - 70. Is x a prime number?
False
Suppose 12*t - 45242 - 17050 = 0. Is t a prime number?
False
Suppose 5*t - 7*t + 4*p + 6906 = 0, -4*t - p = -13794. Is t composite?
False
Suppose 3*i + 5*c = -82, 2*i - 5*i - 4*c = 86. Let y = i - -17. Is y/(3 + 68/(-22)) composite?
True
Suppose -2*b = b - 99. Let h = b - 20. Suppose 5*j + 72 - h = i, -j = 4*i - 278. Is i a prime number?
False
Suppose 0 = x - 0*x + 1, 0 = 4*d + 4*x. Is 115/(-1)*d*-1 a composite number?
True
Let b(d) = 44 - 26 - 6*d - 22. Is b(-5) a composite number?
True
Suppose 4*u = 117 + 1067. Let x = 2829 - u. Is x a prime number?
False
Let h(k) = 426*k**2 + 3*k + 22. Is h(-3) a composite number?
False
Suppose 0 = -8*d + 5*d - 591. Suppose -y - 1000 - 13 = -3*n, -3*n - 2*y = -998. Let o = d + n. Is o composite?
False
Suppose -3*h + 3*g + 3111 = 0, -198 = -4*h + 2*g + 3956. Let f = 691 - h. Is (-2 - 0) + 0 - f prime?
True
Let g = -27 + 27. Suppose m + g*p - 3*p - 71 = 0, 261 = 3*m + 3*p. Is m composite?
False
Let c = -75 - -75. Let v(j) = -j + 673. Is v(c) a prime number?
True
Let o = 39294 - 17651. Is o a prime number?
False
Suppose -y - 2*y = 0. Suppose 4*a - 71 - 245 = y. Is a composite?
False
Let d(u) be the third derivative of -91*u**4/24 - 5*u**3/6 - u**2 - 5*u. Let k(q) = q**3 + q**2 - 5*q - 3. Let a be k(-3). Is d(a) a composite number?
False
Suppose 20*i - 103232 - 437628 = 0. Is i a composite number?
False
Suppose 7*p - 5338 = 3*p - a, 8 = 4*a. Let l = p - -1374. Suppose o = -3*o + l. Is o a composite number?
False
Let m be (-5)/15*9/3. Let c(s) = 783*s**2 - 1. Let w be c(m). Suppose 2*z = -w + 1948. Is z prime?
False
Let t(c) = -c**3 + 3*c**2 + 4*c + 4. Let r be t(4). Suppose 3*h - 6 = 2*h + 5*l, r*l + 1 = -3*h. Let b(o) = 36*o**3 + 2*o**2 - 1. Is b(h) prime?
True
Suppose 2 + 13 = 5*i. Suppose u = -0*u + i, -r + u = -1182. Suppose -6*n + r = -n. Is n composite?
True
Suppose 0 = 18*g - 14*g - i - 59069, 5*g = 4*i + 73839. Is g a prime number?
True
Suppose r = -67 - 253. Let v be (12/(-5))/(48/r). Is v/24 - 1310/(-6) a composite number?
True
Let o = 29 - 54. Is (-2)/3 + -451*o/15 prime?
True
Is (-5567)/((-4)/(-4))*(0 - 1